s - 9 = 0. Let k be 4/(8/u) + 55. Suppose -70 = 51*y - k*y. List the prime factors of y.
2, 5, 7
Let l(d) = 66*d**2 - 1157*d - 185. List the prime factors of l(40).
5, 11827
Suppose 6*t - 20 = t - 5*r, 5*t - 21 = -4*r. Suppose h - 30 = 2*n - 3*h, -t*n - 4*h = 5. Let l(o) = -21*o + 10. List the prime factors of l(n).
5, 23
Let f = 346 - 347. List the prime factors of (f - 5/3)*133893/(-342).
2, 3, 29
Let d(c) = 2234*c**3 - 2*c**2 + 4*c - 4. Let t be d(2). List the prime factors of 12/(-10) - t/(-15).
2, 5, 7, 17
Suppose 2*u = 3*g + 29033, 0 = -3*u - 16*g + 14*g + 43530. List the prime factors of u.
2, 907
Suppose -3*a - 2*a - 3*r = -13, -a - 5*r + 7 = 0. Suppose -a*o - 1166 = -3*w - 3*o, -w = 5*o - 370. List the prime factors of w.
2, 3, 5, 13
List the prime factors of 537305/25 + (-517)/235.
2, 5, 7, 307
Let y = -14599 + 33011. List the prime factors of y.
2, 4603
Let h(q) = q - 7. Let f be h(7). Suppose 2*m + 2 - 4 = f, -3*u + 376 = 4*m. Let z = u - 52. What are the prime factors of z?
2, 3
Suppose -4*i - p = -3, -24 = 3*i + 5*p - 5. List the prime factors of (-8)/i - 47685/(-33).
11, 131
Let k(j) = 2*j - 6. Let f be k(6). Let t = 47 + -49. What are the prime factors of ((-2)/f - t)/(2/102)?
5, 17
Let d be 0/(-3*(-8)/(-12)) + 1380. Suppose -10*n = -20*n + d. Suppose 3*a = -4*h + 7*h - n, -h = -4*a - 61. What are the prime factors of h?
41
Let y(h) = h**2 - 3*h + 21. Let t(l) = l**2 - 8*l + 17. Let w be t(-7). Let x be 4/(-16) - (1 - w/8). List the prime factors of y(x).
5, 7
Let o be (-2)/((-4)/90) - 0. Suppose 12*j - 7*j - 73 = -2*z, 5*j = z + 76. Suppose 0 = -j*g + 10*g + o. List the prime factors of g.
3
Let j = -7597 + 9924. What are the prime factors of j?
13, 179
Suppose m + 5 - 3 = 0. Let v(q) = -77*q**3 + q**2 - q + 5. List the prime factors of v(m).
3, 11, 19
Let x(i) = 14*i**3 - 6*i**2 + i - 4. Let a be x(3). Let w = a - 219. List the prime factors of w.
2, 13
List the prime factors of (13 - -559 - -18)*1/(-4)*-14.
5, 7, 59
Let t(z) = -22*z. Let j be t(-1). Let l = -3415 - -3413. Let q = j + l. What are the prime factors of q?
2, 5
What are the prime factors of -686*(-3 - (19 + (1 - -5)))?
2, 7
Let l(k) = 202*k**2 - 19 + 199*k**2 - 397*k**2. What are the prime factors of l(-9)?
5, 61
Let d(i) = -32*i**2 - i**3 + 5*i + 41*i**2 + 4 - 6. List the prime factors of d(8).
2, 3, 17
Let k be ((-2)/4)/(10/(-20)). Let n(l) = 2 + 27 - k + 21*l + l**2. List the prime factors of n(-21).
2, 7
What are the prime factors of (-4)/26 + 14 + (27603170/130)/7?
30347
Suppose 13*x - 72 = 5*x. Suppose x*s - 6070 = 3002. Suppose -s = -4*d - 3*h, -d - 4*d = -2*h - 1237. List the prime factors of d.
3, 83
Let k(c) = 3*c. Let p be k(-10). Let r = 12 - p. Suppose r*h - 18 = 39*h. What are the prime factors of h?
2, 3
Suppose -5*o - 5*v = 215 + 125, -4*o + 2*v = 296. List the prime factors of 448 - (9 - o/(-9)).
3, 149
Suppose -3*i = 3*m + 21, 3*m - m - 21 = 5*i. Let w be (0 + 13/m - -2)*-6. Let z = 123 - w. List the prime factors of z.
2, 3
Suppose -84*f + 4836 = -71*f. Suppose -380*v + 5888 = -f*v. List the prime factors of v.
2, 23
Let t(p) = 505*p**2 - 4*p - 1713 + 1713. List the prime factors of t(-1).
509
List the prime factors of (4 - 19312/(-6))*3.
2, 2417
Suppose 0 = -5*p + 23 - 3, 5*k + 4*p = 606. List the prime factors of k/2 + (-8 + 1 - -6).
2, 29
Let w = -15 + 85. Let c be (w/(-4))/(11/44). List the prime factors of (c/8)/((-6)/24).
5, 7
Let w(c) = 13*c**3 - 5*c + 4. Let n be 1*-1*(7 + 48/(-6)). Let p be w(n). List the prime factors of ((-258)/(-18) + -1)/(2/p).
2, 5
Let z = -22074 + 35754. List the prime factors of z.
2, 3, 5, 19
Let c be (-3)/9*1*6. Let s(o) = o**2 - 5*o - 10. Let f be s(7). What are the prime factors of f*c/36 - 1552/(-18)?
2, 43
Let g = 20 - -8. Let x(j) = g*j**2 + 0 - 2 - 26*j**2 + 7*j. What are the prime factors of x(5)?
83
Suppose -3*n - 58 = 2*r, -2*n - 103 = 3*r - 26. List the prime factors of -1*(-1 - 0) - 16997/r.
2, 5, 37
What are the prime factors of 574*(15 + 14 + 15)?
2, 7, 11, 41
Let g = 4182 - -5664. List the prime factors of g.
2, 3, 547
Let i = -68518 + 114624. List the prime factors of i.
2, 23053
Let m(l) = 925*l**2 + 96*l - 38. List the prime factors of m(4).
2, 7573
Let x = 25 - 25. Suppose -4*i - 3*y = -88, 5*i - 2*i + 2*y - 67 = x. Let n = 3 + i. What are the prime factors of n?
2, 7
Let k = 80 + -83. What are the prime factors of k + 73 - (0 + 1/(-1))?
71
Let t be ((-1 + 121)/12)/(4/2474). Suppose 24*w - 7 = t. What are the prime factors of w?
2, 3, 43
Let b(c) = c + 21 + 23 - 21. Let y be b(-6). Let m(s) = s**3 - 17*s**2 + 14. What are the prime factors of m(y)?
2, 7
Suppose 13*m + 47 = 99. Suppose -m*s = 3*f - 152, -13*s + 4*f = -12*s - 57. List the prime factors of s.
41
Let y be 8 + 3 + (-3 - 1). Suppose -l + 9 = y. Suppose -5*x + x + n + 218 = 0, 0 = l*x - 3*n - 104. What are the prime factors of x?
5, 11
Let y(g) = -g**3 + 70 - 7*g - 19*g**2 - 121 + 89. Let v be ((-19)/4)/(5/20). List the prime factors of y(v).
3, 19
Let j = -1810 + 4354. What are the prime factors of j?
2, 3, 53
What are the prime factors of 4/(-8)*2 + 5 - (-1744 - -26)?
2, 3, 7, 41
Let g = -307 + 260. Let y(u) = -11*u + 396. List the prime factors of y(g).
11, 83
Suppose 4*m + 0*m = -232. Let n = 574 + -485. Let u = n + m. What are the prime factors of u?
31
Let c be (5 + 282 - 3) + -3. Let t = c - 129. Let g = -119 + t. What are the prime factors of g?
3, 11
Let x(s) = 464*s**2 - 13*s - 332. List the prime factors of x(-8).
2, 53, 139
Let t = 13433 - 2667. What are the prime factors of t?
2, 7, 769
Let n = 4133 + 12879. List the prime factors of n.
2, 4253
Let l = -129 + 266. Suppose 5*a = 2*j - 6*j - 444, 3*j = 5*a + 437. Let k = l + a. List the prime factors of k.
7
Suppose u - 5*k + 295 = 6*u, 62 = u + 2*k. Let v be -7 + 8 - (-48 + 0). Let a = u + v. List the prime factors of a.
3, 5, 7
Let h be (-3 + -13)*((-4)/8)/1. Suppose -9*t = -h*t - 16. List the prime factors of t.
2
Let y = -5716 + 7485. List the prime factors of y.
29, 61
Suppose 2*r = -0*h - 2*h + 2, -2*h - 4*r = -2. List the prime factors of ((-5)/10 + 3)/(h/144).
2, 3, 5
Suppose -12*x + 4 = -10*x. Suppose -x - 1 = -o. Suppose -255 = -4*f + o*w, 3*w + 0 + 15 = 0. What are the prime factors of f?
2, 3, 5
Let m be (-1)/5 - (-3 + 8470/25). Let u = -619 - m. Let b = 440 + u. List the prime factors of b.
157
Let k(h) = h**2 + 6*h - 2. Let d(r) = r**3 + 12*r**2 - 15*r - 2. Let z be d(-13). Suppose -b = -4*b - z. What are the prime factors of k(b)?
2, 7
Let h = -275 - -277. Suppose 3*z = 4*l - 2461, -7*l + 5*l = h*z - 1234. What are the prime factors of l?
2, 7, 11
Let h = 1018 - 508. Suppose -1530 = -3*b + u, -19*b - 2*u + h = -18*b. List the prime factors of b.
2, 3, 5, 17
Let d(n) = -9*n - 152. Let q be d(-16). What are the prime factors of (-1545)/(-13) + q/(-52)?
7, 17
Suppose -71*y = -1667614 - 261669. List the prime factors of y.
29, 937
Let d = -581 - 361. Let y = 1883 + d. List the prime factors of y.
941
Let w = 54 + -47. Let v(b) = b**3 + 5*b**2 - 4*b - 13. Let k be v(w). Suppose 5*f - 4*o - k = 0, -4*f = -5*o - 47 - 387. What are the prime factors of f?
3, 37
Let f(s) = -s**2 + 8*s - 7. Let x be f(5). Suppose v + 2 = x. Suppose z = 4, -v*m - z + 20 = -2*m. What are the prime factors of m?
2
Suppose 6*g + 131 + 349 = 0. Let i = g - -223. List the prime factors of i.
11, 13
Let h be (-22)/(-4)*(82 + -88). Let j(p) = -p**2 - 39*p + 59. List the prime factors of j(h).
257
Let x(t) = -67*t**2 - 3*t + 2. Let n(b) = 3*b - 2. Let k be n(1). Let g be x(k). Let v = 116 + g. What are the prime factors of v?
2, 3
What are the prime factors of 28/(-4) - -7 - (-14574)/1?
2, 3, 7, 347
What are the prime factors of 24/4*(23023/33 - -5)?
2, 17, 31
Let x = 4443 + 3289. List the prime factors of x.
2, 1933
Suppose 0 = -i - 2, -1253400 = -16*k - 3*i - 486782. What are the prime factors of k?
2, 23957
Let g(w) = w**2 + 3*w - 4. Suppose -3*a - 4*s + 12 = 0, -2*a + 3*s + 20 = 3*a. Suppose -1 = -a*k + 2*p + 31, 5*p = -10. List the prime factors of g(k).
2, 3, 11
Let g = 55 + -57. Let j be -1*2 + (17 - g/1). Let n = 84 - j. What are the prime factors of n?
67
Let h(p) = 21*p**2 + p - 1. Suppose -3*a = 3*y - 21, -3*y - 25 = -22. What are the prime factors of h(a)?
7, 193
Let a(b) be